*c + 520. What is the remainder when x is divided by (-295)/(-15) - (-12)/9?
20
Suppose -6*q + 41 = -61. Suppose 0 = -d + i + q, -i = -4 + 7. What is the remainder when 39 is divided by d?
11
Suppose c + 6*f - 594 = 3*f, c = 5*f + 586. What is the remainder when c is divided by 74?
73
Let h(s) = -2*s**2 + 2*s + 76. Let q be h(0). Let x = q - 44. What is the remainder when x is divided by 18?
14
Let o(k) = k**2 + 18*k + 38. Let w be o(-17). Suppose -34 = -5*p + w. What is the remainder when 64 is divided by p?
9
Let h = 187 + -90. Suppose -12*f = -16*f + 60. Suppose n - 2*n + f = 2*a, 80 = 4*n + 4*a. What is the remainder when h is divided by n?
22
Suppose 0 = -4*h - 2*c + 116, 3*h + 4*c = 3*c + 85. Calculate the remainder when 242 is divided by h.
26
Suppose -3*k - 2*f = -50 - 21, -5*k + 129 = -2*f. Let j = 42 - k. What is the remainder when 49 is divided by j + (1 + -1)/(-2)?
15
Suppose 2*p = 2*y + 242 + 1228, p = -5*y + 747. What is the remainder when p is divided by 57?
53
Let m(w) = -15*w + 1. Calculate the remainder when 179 is divided by m(-4).
57
What is the remainder when ((-2)/(-6))/(1/120*5) is divided by 5?
3
Let k = -216 - -310. Let a = 91 - 43. Let d = k - a. What is the remainder when d is divided by 16?
14
Calculate the remainder when 73 is divided by ((2886/(-65))/6)/((-1)/5).
36
Suppose -13 - 59 = -3*g. Calculate the remainder when 1 + g/(1/1) is divided by 14.
11
Suppose 0 = -45*v + 41*v + 40. Suppose -x - 196 = -5*x. Calculate the remainder when x is divided by v.
9
Suppose -46 = -5*n - 2*u, 0 = -5*n - 3*u + 39 + 10. Suppose -113 = -n*l + 79. What is the remainder when 90 is divided by l?
18
Let r(f) = -2*f**3 - 5*f**2 + 6*f + 13. What is the remainder when 72 is divided by r(-4)?
35
Suppose -30*l = 21*l - 1938. Calculate the remainder when 62 is divided by l.
24
Suppose -3*g - 4*g = -35. Suppose -g*c + 2*w + 13 = -8, 0 = 2*c - w - 9. What is the remainder when 4 is divided by c?
1
Let f = 218 + -206. Calculate the remainder when 116 is divided by f.
8
Suppose 0 = 3*d + d - 316. Suppose 0 = q - 4*u - 16, u - 2*u = -4*q + d. What is the remainder when q is divided by 11?
9
Let l(q) = q**2 + 6*q - 2. Let t = -9 + 1. Suppose 2*n = n + 26. Calculate the remainder when n is divided by l(t).
12
Let b(v) = 7*v + 146. Calculate the remainder when 325 is divided by b(-13).
50
Suppose 8*v - 2875 = -1355. Calculate the remainder when v is divided by 63.
1
Suppose f = 3*o - 0*f - 59, 3*o - 53 = -2*f. Let n = 18 - 15. Suppose c = 5*u + 25, n*c + c + u = 37. Calculate the remainder when o is divided by c.
9
Suppose -34*x + 893 = -705. Suppose 5 = 3*u - 1. Suppose -4*m = -50 + u. What is the remainder when x is divided by m?
11
Suppose 3*i + 4*r + 0*r - 90 = 0, -5*r - 89 = -4*i. What is the remainder when 77 is divided by i?
25
Let d(s) be the third derivative of -s**6/120 + 2*s**5/15 - s**4/24 + 4*s**3 - 9*s**2. Calculate the remainder when 63 is divided by d(8).
15
Suppose -2*m + q + 203 = -0*m, -2*m + 2*q = -202. Suppose 3*y - 106 = y. What is the remainder when m is divided by y?
49
Suppose -6*y + 23 = -7. Suppose x - 10 = -y. Suppose x*k = k + 52. What is the remainder when 51 is divided by k?
12
Suppose -2*w - 2*w + 252 = 0. Suppose -3*x + 0 = -r - w, 2*x - 37 = -r. Calculate the remainder when x is divided by 11/5*1*5.
9
Let u(j) be the third derivative of -j**6/60 - j**5/60 + j**3/6 - 11*j**2. Calculate the remainder when 36 is divided by u(-2).
10
Calculate the remainder when 163 is divided by (10/(-4))/(2 + (-39)/18).
13
Suppose a - 12 = -3*y, 2*y + 3 = 1. Suppose -l + a = 3*v, l - 31 = -0*l + v. What is the remainder when ((-106)/(-3))/((-2)/(-6)) is divided by l?
25
Let r be (-10)/(-45)*3 + (-2)/3. Suppose 0 = -2*z - 2, r = 5*q + 5*z - 455 - 85. What is the remainder when q is divided by 14?
11
Suppose 392 - 50 = 6*f. Calculate the remainder when 283 is divided by f.
55
Let g(i) = -i**3 - 12*i**2 - 38*i - 5. Let l(n) = -3*n**2 - 2*n - 1. Let m be l(-2). Calculate the remainder when g(-6) is divided by 2/(-3) - 51/m.
2
Let a(t) = -2*t**3 + 24*t**2 - 11*t - 68. Calculate the remainder when a(11) is divided by -1*(0 + 1)*-19.
15
Let a(z) be the second derivative of -z**3/6 + 3*z**2 + 12*z. What is the remainder when 61 is divided by a(-3)?
7
Suppose 0 = -5*y - 10, -y - 2*y = a - 24. Suppose 0*s - a = -6*s. Calculate the remainder when 18 is divided by s.
3
Let y = 309 + -226. What is the remainder when y is divided by 43?
40
Suppose 0 = -3*z - 24*z + 2619. What is the remainder when 385 is divided by z?
94
Let r(m) = -7*m - m**2 + 3 - m + 0. Suppose -150 = 18*n - 20*n + o, -75 = -n - 2*o. Calculate the remainder when n is divided by r(-4).
18
Suppose 2*o - 4 = 3*o, -2*h + 24 = -o. Suppose h*t - 550 = 5*t. Calculate the remainder when t is divided by 28.
26
Let w(o) = -2*o**3 + 2*o**2 - 1. Suppose 14 = 3*n + 5. Suppose 21 - 18 = -n*y. Calculate the remainder when w(y) is divided by 2.
1
Let p = 10 - 12. Calculate the remainder when 58 is divided by (-9)/6*40/p.
28
Let s(r) = -r**3 - 14*r**2 - 4*r - 35. Let g be s(-14). Suppose 0 = -g*o + 14*o + 217. Calculate the remainder when 118 is divided by o.
25
Suppose c - 4 = -2*i, 2*i + 11 = 3*c + 7*i. Calculate the remainder when 14 is divided by c.
0
Suppose -2*m = 2*p - 6*p - 64, 3*p + 6 = 0. Let g = -72 + 77. What is the remainder when g + (-3 - -1) - (1 - 79) is divided by m?
25
Let o = 1163 + -1161. Calculate the remainder when 13 is divided by o.
1
Let w = -100 - 10. Let q = w - -125. Calculate the remainder when 84 is divided by q.
9
Let t(b) = 5*b - 211. What is the remainder when 208 is divided by t(43)?
0
Let m(x) = x**3 - 4*x**2 - 6*x + 1. Let w be m(5). Let q = -45424 - -45539. Calculate the remainder when q is divided by w/10 - (-294)/10.
28
Let g = 141 + -210. Let i = 78 + g. What is the remainder when 44 is divided by i?
8
Suppose m + 4*m - 365 = 0. Let v = 11 - -79. Let n = -52 + v. Calculate the remainder when m is divided by n.
35
Suppose 3*l + 115 = 3*k + 2*l, -k - 2*l + 36 = 0. Calculate the remainder when 147 is divided by k.
33
Suppose 3*l = 2*l + 8. Let p(c) = c**2 - 18*c - 49. What is the remainder when p(22) is divided by l?
7
Let c(w) = w**3 + 18*w**2 - 15*w + 26. Calculate the remainder when c(-16) is divided by 11.
8
Suppose 2*i + 27 = 5*i. What is the remainder when i is divided by (3 + (-9)/(-2))*(-8)/(-10)?
3
Let f = -942 - -949. Let o = 80 - 48. What is the remainder when o is divided by f?
4
Let u(q) = 9*q**2 - 2. What is the remainder when u(-1) is divided by 1?
0
Suppose -6*n = -16*n + 40. Suppose -14 = -n*b + 2. What is the remainder when 13 is divided by b?
1
Let n(u) = u - 3. Let p be n(7). Suppose 4*i - 50 = -4*o + 2*i, -p*i + 22 = 2*o. What is the remainder when (-1 + -73)*15/(-30) is divided by o?
11
Let n(j) = j**2 - j + 1. Calculate the remainder when (-13 + -1)*16/(-8) + (-3)/1 is divided by n(-2).
4
What is the remainder when 127 is divided by (-648)/(-19) - 134/1273?
25
Suppose 0 = 433*d - 435*d + 274. What is the remainder when d is divided by 28?
25
Let p be (-8)/(-2)*(-66)/(-88). Suppose 2*w = -u + 15, u + 30 = 2*w - p*u. Let r(z) = -4*z - 3. What is the remainder when w is divided by r(-2)?
4
Let v(z) = 3*z**2 - 17*z + 45. Suppose -3*p - 2*t + 122 = 2, -p + 3*t = -29. Calculate the remainder when v(7) is divided by p.
35
Suppose -3*c + 19 = 10. Suppose c*s - 5 = 2*s. Suppose 27 = d + 2*d. Calculate the remainder when d is divided by s.
4
Suppose -2*y - 2*i + 14 = 6, -y + 1 = -2*i. Suppose -a + 46 = 4*g, -2 = 2*g - y*g - 5*a. Let r = -20 + 41. Calculate the remainder when r is divided by g.
9
Let s = 348 - 233. Calculate the remainder when 329 is divided by s.
99
Let v(n) = n**3 + 50*n**2 - 56*n - 248. What is the remainder when 39 is divided by v(-51)?
4
Let w(m) = 4*m**2 - 2. Suppose -4*v + 4 = 16. What is the remainder when w(v) is divided by 18?
16
Suppose 15*v = 12*v - 6. Calculate the remainder when 115 is divided by (5/v - -3)*118.
56
Let n = 230 + -219. What is the remainder when 76 is divided by n?
10
Suppose 2*z + 0 = -2*a + 2, 5*z - 2*a - 12 = 0. Suppose 0 = 5*r, -5*j + 380 = -z*r - 270. What is the remainder when j is divided by 35?
25
Suppose 0 = 3*m + 2*t - 466, -4*m - 18*t + 640 = -20*t. What is the remainder when m is d